{"id":9205,"date":"2020-01-30T12:46:50","date_gmt":"2020-01-30T11:46:50","guid":{"rendered":"https:\/\/vaporparalaindustria.com\/?page_id=9205"},"modified":"2020-02-04T18:00:10","modified_gmt":"2020-02-04T17:00:10","slug":"pt-equipamentos-de-geradores-de-vapor","status":"publish","type":"page","link":"https:\/\/vaporparalaindustria.com\/pt\/pt-equipamentos-de-geradores-de-vapor\/","title":{"rendered":"PT. Equipamentos de Geradores de Vapor"},"content":{"rendered":"<p><span style=\"width: 100%;\"><a href=\"\/\/www.spiraxsarco.com\/global\/es\/\" rel=\"noopener noreferrer\" target=\"_blank\"><img loading=\"lazy\" decoding=\"async\" alt=\"\" width=\"206\" height=\"45\" title=\"log\u00f3tipo SPIRAX\" data-id=\"7717\" src=\"\/\/vaporparalaindustria.com\/wp-content\/uploads\/2018\/10\/logo-SPIRAX.png\" style=\"width: 100%;\"><\/a><\/span><\/p>\n<h1 style=\"text-align: center;\"><em><strong>Equipamento gerador de vapor (CAL)<\/strong><\/em><\/h1>\n<ul>\n<li><span><strong>Quem deve comparecer?<\/strong> Operadores e Gestores de Centrais T\u00e9rmicas com fun\u00e7\u00f5es directas relacionadas com Geradores de Vapor<\/span><\/li>\n<li><span><strong>Objetivo.<\/strong> Fornecer conhecimentos t\u00e9cnicos avan\u00e7ados sobre vapor com \u00eanfase na sua produ\u00e7\u00e3o, para explicar todo o processo de gera\u00e7\u00e3o de vapor, incluindo o tratamento da \u00e1gua, os detalhes do circuito de \u00e1gua e o seu condicionamento desde a fonte at\u00e9 \u00e0 sa\u00edda do vapor.Sensibilizar os respons\u00e1veis de Projecto, Inspec\u00e7\u00e3o, Montagem, Opera\u00e7\u00e3o e Manuten\u00e7\u00e3o para o que \u00e9 a gera\u00e7\u00e3o de Vapor, que s\u00e3o as formas apropriadas de o produzir e utilizar e os Riscos e Compromissos que s\u00e3o feitos em termos de Higiene e Seguran\u00e7a com algumas pr\u00e1ticas comuns.Transmitir conhecimentos detalhados sobre gera\u00e7\u00e3o de vapor, incluindo monitoriza\u00e7\u00e3o e manuten\u00e7\u00e3o, para que se possam alcan\u00e7ar melhorias na seguran\u00e7a e efici\u00eancia energ\u00e9tica.<\/span><\/li>\n<li><span><strong>Calend\u00e1rio.&nbsp;<\/strong>A dura\u00e7\u00e3o \u00e9 de 6 horas, come\u00e7ando \u00e0s 9:00 e terminando \u00e0s 16:30. Inclui almo\u00e7o.<\/span><\/li>\n<li><span><a href=\"\/\/vaporparalaindustria.com\/wp-content\/uploads\/2020\/01\/Equipamentos-de-Geradores-de-Vapor-CAL.pdf\" target=\"_blank\" rel=\"noopener noreferrer\"><strong>Baixe o programa do curso<\/strong><\/a><\/span><\/li>\n<\/ul>\n<p style=\"text-align: center;\">Solicite mais informa\u00e7\u00f5es<\/p>\n<p style=\"text-align: center;\">Copyright 2019 Spirax Sarco Portugal - Todos os direitos reservados I &nbsp;<u><a href=\"\/\/vaporparalaindustria.com\/pt\/aviso-legal\/\" target=\"_blank\" rel=\"noopener noreferrer\">Aviso Legal<\/a><\/u>&nbsp;I &nbsp;<u><a href=\"\/\/www.spiraxsarco.com\/global\/es\/Pages\/Privacy-Policy.aspx\" target=\"_blank\" rel=\"noopener noreferrer\">Pol\u00edtica de Privacidade<\/a><\/u><\/p>","protected":false},"excerpt":{"rendered":"<p>Equipamento Gerador de Vapor (CAL) Quem deve participar? Operadores e Gestores de centrais t\u00e9rmicas com fun\u00e7\u00f5es directas relacionadas com geradores de vapor Objectivo. Fornecer conhecimentos t\u00e9cnicos avan\u00e7ados sobre vapor com \u00eanfase na sua produ\u00e7\u00e3o, explicar todo o processo de gera\u00e7\u00e3o de vapor, incluindo o tratamento da \u00e1gua, detalhes do circuito de \u00e1gua e o ...<\/p>","protected":false},"author":1,"featured_media":0,"parent":0,"menu_order":0,"comment_status":"closed","ping_status":"closed","template":"","meta":{"_acf_changed":false,"_genesis_hide_title":false,"_genesis_hide_breadcrumbs":false,"_genesis_hide_singular_image":false,"_genesis_hide_footer_widgets":false,"_genesis_custom_body_class":"","_genesis_custom_post_class":"","_genesis_layout":"","footnotes":""},"class_list":{"1":"page","2":"type-page","5":"entry"},"yoast_head":"<!-- This site is optimized with the Yoast SEO plugin v27.3 - https:\/\/yoast.com\/product\/yoast-seo-wordpress\/ -->\n<title>PT. Equipamentos de Geradores de Vapor - Vapor para la Industria<\/title>\n<meta name=\"robots\" content=\"index, follow, max-snippet:-1, max-image-preview:large, max-video-preview:-1\" \/>\n<link rel=\"canonical\" href=\"https:\/\/vaporparalaindustria.com\/pt\/pt-equipamentos-de-geradores-de-vapor\/\" \/>\n<meta property=\"og:locale\" content=\"pt_PT\" \/>\n<meta property=\"og:type\" content=\"article\" \/>\n<meta property=\"og:title\" content=\"PT. Equipamentos de Geradores de Vapor - Vapor para la Industria\" \/>\n<meta property=\"og:description\" content=\"Equipamentos de Geradores de Vapor (CAL) Quem deve assistir? Operadores e Respons\u00e1veis de centrais t\u00e9rmicas com fun\u00e7\u00f5es diretas relacionadas com geradores de Vapor Objectivo. Proporcionar conhecimento t\u00e9cnico avan\u00e7ado sobre o Vapor com enfase na sua produ\u00e7\u00e3o.Explicar todo o processo de gera\u00e7\u00e3o de Vapor incluindo o tratamento de \u00e1gua, os detalhes do circuito de \u00c1gua e &hellip;\" \/>\n<meta property=\"og:url\" content=\"https:\/\/vaporparalaindustria.com\/pt\/pt-equipamentos-de-geradores-de-vapor\/\" \/>\n<meta property=\"og:site_name\" content=\"Vapor para la Industria\" \/>\n<meta property=\"article:modified_time\" content=\"2020-02-04T17:00:10+00:00\" \/>\n<meta property=\"og:image\" content=\"\/\/vaporparalaindustria.com\/wp-content\/uploads\/2018\/10\/logo-SPIRAX.png\" \/>\n<meta name=\"twitter:card\" content=\"summary_large_image\" \/>\n<meta name=\"twitter:label1\" content=\"Tempo estimado de leitura\" \/>\n\t<meta name=\"twitter:data1\" content=\"1 minuto\" \/>\n<script type=\"application\/ld+json\" class=\"yoast-schema-graph\">{\"@context\":\"https:\\\/\\\/schema.org\",\"@graph\":[{\"@type\":\"WebPage\",\"@id\":\"https:\\\/\\\/vaporparalaindustria.com\\\/pt-equipamentos-de-geradores-de-vapor\\\/\",\"url\":\"https:\\\/\\\/vaporparalaindustria.com\\\/pt-equipamentos-de-geradores-de-vapor\\\/\",\"name\":\"PT. Equipamentos de Geradores de Vapor - Vapor para la Industria\",\"isPartOf\":{\"@id\":\"https:\\\/\\\/vaporparalaindustria.com\\\/#website\"},\"datePublished\":\"2020-01-30T11:46:50+00:00\",\"dateModified\":\"2020-02-04T17:00:10+00:00\",\"breadcrumb\":{\"@id\":\"https:\\\/\\\/vaporparalaindustria.com\\\/pt-equipamentos-de-geradores-de-vapor\\\/#breadcrumb\"},\"inLanguage\":\"pt-PT\",\"potentialAction\":[{\"@type\":\"ReadAction\",\"target\":[\"https:\\\/\\\/vaporparalaindustria.com\\\/pt-equipamentos-de-geradores-de-vapor\\\/\"]}]},{\"@type\":\"BreadcrumbList\",\"@id\":\"https:\\\/\\\/vaporparalaindustria.com\\\/pt-equipamentos-de-geradores-de-vapor\\\/#breadcrumb\",\"itemListElement\":[{\"@type\":\"ListItem\",\"position\":1,\"name\":\"Portada\",\"item\":\"https:\\\/\\\/vaporparalaindustria.com\\\/\"},{\"@type\":\"ListItem\",\"position\":2,\"name\":\"PT. Equipamentos de Geradores de Vapor\"}]},{\"@type\":\"WebSite\",\"@id\":\"https:\\\/\\\/vaporparalaindustria.com\\\/#website\",\"url\":\"https:\\\/\\\/vaporparalaindustria.com\\\/\",\"name\":\"Vapor para la Industria\",\"description\":\"Gesti\u00f3n Eficiente de los Sistemas de Vapor\",\"publisher\":{\"@id\":\"https:\\\/\\\/vaporparalaindustria.com\\\/#organization\"},\"potentialAction\":[{\"@type\":\"SearchAction\",\"target\":{\"@type\":\"EntryPoint\",\"urlTemplate\":\"https:\\\/\\\/vaporparalaindustria.com\\\/?s={search_term_string}\"},\"query-input\":{\"@type\":\"PropertyValueSpecification\",\"valueRequired\":true,\"valueName\":\"search_term_string\"}}],\"inLanguage\":\"pt-PT\"},{\"@type\":\"Organization\",\"@id\":\"https:\\\/\\\/vaporparalaindustria.com\\\/#organization\",\"name\":\"Vapor para la Industria\",\"url\":\"https:\\\/\\\/vaporparalaindustria.com\\\/\",\"logo\":{\"@type\":\"ImageObject\",\"inLanguage\":\"pt-PT\",\"@id\":\"https:\\\/\\\/vaporparalaindustria.com\\\/#\\\/schema\\\/logo\\\/image\\\/\",\"url\":\"https:\\\/\\\/vaporparalaindustria.com\\\/wp-content\\\/uploads\\\/2017\\\/10\\\/LogoBlogBLANCO-FINAL_VAPOR-PARA-LA-INDUSTRIA-e1499957507814.png\",\"contentUrl\":\"https:\\\/\\\/vaporparalaindustria.com\\\/wp-content\\\/uploads\\\/2017\\\/10\\\/LogoBlogBLANCO-FINAL_VAPOR-PARA-LA-INDUSTRIA-e1499957507814.png\",\"width\":300,\"height\":117,\"caption\":\"Vapor para la Industria\"},\"image\":{\"@id\":\"https:\\\/\\\/vaporparalaindustria.com\\\/#\\\/schema\\\/logo\\\/image\\\/\"}}]}<\/script>\n<!-- \/ Yoast SEO plugin. -->","yoast_head_json":{"title":"PT. Equipamentos de Geradores de Vapor - Vapor para la Industria","robots":{"index":"index","follow":"follow","max-snippet":"max-snippet:-1","max-image-preview":"max-image-preview:large","max-video-preview":"max-video-preview:-1"},"canonical":"https:\/\/vaporparalaindustria.com\/pt\/pt-equipamentos-de-geradores-de-vapor\/","og_locale":"pt_PT","og_type":"article","og_title":"PT. Equipamentos de Geradores de Vapor - Vapor para la Industria","og_description":"Equipamentos de Geradores de Vapor (CAL) Quem deve assistir? Operadores e Respons\u00e1veis de centrais t\u00e9rmicas com fun\u00e7\u00f5es diretas relacionadas com geradores de Vapor Objectivo. Proporcionar conhecimento t\u00e9cnico avan\u00e7ado sobre o Vapor com enfase na sua produ\u00e7\u00e3o.Explicar todo o processo de gera\u00e7\u00e3o de Vapor incluindo o tratamento de \u00e1gua, os detalhes do circuito de \u00c1gua e &hellip;","og_url":"https:\/\/vaporparalaindustria.com\/pt\/pt-equipamentos-de-geradores-de-vapor\/","og_site_name":"Vapor para la Industria","article_modified_time":"2020-02-04T17:00:10+00:00","og_image":[{"url":"\/\/vaporparalaindustria.com\/wp-content\/uploads\/2018\/10\/logo-SPIRAX.png","type":"","width":"","height":""}],"twitter_card":"summary_large_image","twitter_misc":{"Tempo estimado de leitura":"1 minuto"},"schema":{"@context":"https:\/\/schema.org","@graph":[{"@type":"WebPage","@id":"https:\/\/vaporparalaindustria.com\/pt-equipamentos-de-geradores-de-vapor\/","url":"https:\/\/vaporparalaindustria.com\/pt-equipamentos-de-geradores-de-vapor\/","name":"PT. Equipamentos de Geradores de Vapor - Vapor para la Industria","isPartOf":{"@id":"https:\/\/vaporparalaindustria.com\/#website"},"datePublished":"2020-01-30T11:46:50+00:00","dateModified":"2020-02-04T17:00:10+00:00","breadcrumb":{"@id":"https:\/\/vaporparalaindustria.com\/pt-equipamentos-de-geradores-de-vapor\/#breadcrumb"},"inLanguage":"pt-PT","potentialAction":[{"@type":"ReadAction","target":["https:\/\/vaporparalaindustria.com\/pt-equipamentos-de-geradores-de-vapor\/"]}]},{"@type":"BreadcrumbList","@id":"https:\/\/vaporparalaindustria.com\/pt-equipamentos-de-geradores-de-vapor\/#breadcrumb","itemListElement":[{"@type":"ListItem","position":1,"name":"Portada","item":"https:\/\/vaporparalaindustria.com\/"},{"@type":"ListItem","position":2,"name":"PT. Equipamentos de Geradores de Vapor"}]},{"@type":"WebSite","@id":"https:\/\/vaporparalaindustria.com\/#website","url":"https:\/\/vaporparalaindustria.com\/","name":"Vapor para a Ind\u00fastria","description":"Gest\u00e3o Eficiente de Sistemas a Vapor","publisher":{"@id":"https:\/\/vaporparalaindustria.com\/#organization"},"potentialAction":[{"@type":"SearchAction","target":{"@type":"EntryPoint","urlTemplate":"https:\/\/vaporparalaindustria.com\/?s={search_term_string}"},"query-input":{"@type":"PropertyValueSpecification","valueRequired":true,"valueName":"search_term_string"}}],"inLanguage":"pt-PT"},{"@type":"Organization","@id":"https:\/\/vaporparalaindustria.com\/#organization","name":"Vapor para a Ind\u00fastria","url":"https:\/\/vaporparalaindustria.com\/","logo":{"@type":"ImageObject","inLanguage":"pt-PT","@id":"https:\/\/vaporparalaindustria.com\/#\/schema\/logo\/image\/","url":"https:\/\/vaporparalaindustria.com\/wp-content\/uploads\/2017\/10\/LogoBlogBLANCO-FINAL_VAPOR-PARA-LA-INDUSTRIA-e1499957507814.png","contentUrl":"https:\/\/vaporparalaindustria.com\/wp-content\/uploads\/2017\/10\/LogoBlogBLANCO-FINAL_VAPOR-PARA-LA-INDUSTRIA-e1499957507814.png","width":300,"height":117,"caption":"Vapor para la Industria"},"image":{"@id":"https:\/\/vaporparalaindustria.com\/#\/schema\/logo\/image\/"}}]}},"acf":[],"_links":{"self":[{"href":"https:\/\/vaporparalaindustria.com\/pt\/wp-json\/wp\/v2\/pages\/9205","targetHints":{"allow":["GET"]}}],"collection":[{"href":"https:\/\/vaporparalaindustria.com\/pt\/wp-json\/wp\/v2\/pages"}],"about":[{"href":"https:\/\/vaporparalaindustria.com\/pt\/wp-json\/wp\/v2\/types\/page"}],"author":[{"embeddable":true,"href":"https:\/\/vaporparalaindustria.com\/pt\/wp-json\/wp\/v2\/users\/1"}],"replies":[{"embeddable":true,"href":"https:\/\/vaporparalaindustria.com\/pt\/wp-json\/wp\/v2\/comments?post=9205"}],"version-history":[{"count":0,"href":"https:\/\/vaporparalaindustria.com\/pt\/wp-json\/wp\/v2\/pages\/9205\/revisions"}],"wp:attachment":[{"href":"https:\/\/vaporparalaindustria.com\/pt\/wp-json\/wp\/v2\/media?parent=9205"}],"curies":[{"name":"wp","href":"https:\/\/api.w.org\/{rel}","templated":true}]}}

<p><span style="width: 100%;"><a href="//www.spiraxsarco.com/global/es/" rel="noopener noreferrer" target="_blank"><img loading="lazy" decoding="async" alt="" width="206" height="45" title="logótipo SPIRAX" data-id="7717" src="//vaporparalaindustria.com/wp-content/uploads/2018/10/logo-SPIRAX.png" style="width: 100%;"></a></span></p>
<h1 style="text-align: center;"><em><strong>Equipamento gerador de vapor (CAL)</strong></em></h1>
<ul>
<li><span><strong>Quem deve comparecer?</strong> Operadores e Gestores de Centrais Térmicas com funções directas relacionadas com Geradores de Vapor</span></li>
<li><span><strong>Objetivo.</strong> Fornecer conhecimentos técnicos avançados sobre vapor com ênfase na sua produção, para explicar todo o processo de geração de vapor, incluindo o tratamento da água, os detalhes do circuito de água e o seu condicionamento desde a fonte até à saída do vapor.Sensibilizar os responsáveis de Projecto, Inspecção, Montagem, Operação e Manutenção para o que é a geração de Vapor, que são as formas apropriadas de o produzir e utilizar e os Riscos e Compromissos que são feitos em termos de Higiene e Segurança com algumas práticas comuns.Transmitir conhecimentos detalhados sobre geração de vapor, incluindo monitorização e manutenção, para que se possam alcançar melhorias na segurança e eficiência energética.</span></li>
<li><span><strong>Calendário.&nbsp;</strong>A duração é de 6 horas, começando às 9:00 e terminando às 16:30. Inclui almoço.</span></li>
<li><span><a href="//vaporparalaindustria.com/wp-content/uploads/2020/01/Equipamentos-de-Geradores-de-Vapor-CAL.pdf" target="_blank" rel="noopener noreferrer"><strong>Baixe o programa do curso</strong></a></span></li>
</ul>
<p style="text-align: center;">Solicite mais informações</p>
<p style="text-align: center;">Copyright 2019 Spirax Sarco Portugal - Todos os direitos reservados I &nbsp;<u><a href="//vaporparalaindustria.com/pt/aviso-legal/" target="_blank" rel="noopener noreferrer">Aviso Legal</a></u>&nbsp;I &nbsp;<u><a href="//www.spiraxsarco.com/global/es/Pages/Privacy-Policy.aspx" target="_blank" rel="noopener noreferrer">Política de Privacidade</a></u></p>

<p>Equipamento Gerador de Vapor (CAL) Quem deve participar? Operadores e Gestores de centrais térmicas com funções directas relacionadas com geradores de vapor Objectivo. Fornecer conhecimentos técnicos avançados sobre vapor com ênfase na sua produção, explicar todo o processo de geração de vapor, incluindo o tratamento da água, detalhes do circuito de água e o ...</p>

<!-- This site is optimized with the Yoast SEO plugin v27.3 - https://yoast.com/product/yoast-seo-wordpress/ -->
<title>PT. Equipamentos de Geradores de Vapor - Vapor para la Industria</title>
<meta name="robots" content="index, follow, max-snippet:-1, max-image-preview:large, max-video-preview:-1" />
<link rel="canonical" href="https://vaporparalaindustria.com/pt/pt-equipamentos-de-geradores-de-vapor/" />
<meta property="og:locale" content="pt_PT" />
<meta property="og:type" content="article" />
<meta property="og:title" content="PT. Equipamentos de Geradores de Vapor - Vapor para la Industria" />
<meta property="og:description" content="Equipamentos de Geradores de Vapor (CAL) Quem deve assistir? Operadores e Responsáveis de centrais térmicas com funções diretas relacionadas com geradores de Vapor Objectivo. Proporcionar conhecimento técnico avançado sobre o Vapor com enfase na sua produção.Explicar todo o processo de geração de Vapor incluindo o tratamento de água, os detalhes do circuito de Água e &hellip;" />
<meta property="og:url" content="https://vaporparalaindustria.com/pt/pt-equipamentos-de-geradores-de-vapor/" />
<meta property="og:site_name" content="Vapor para la Industria" />
<meta property="article:modified_time" content="2020-02-04T17:00:10+00:00" />
<meta property="og:image" content="//vaporparalaindustria.com/wp-content/uploads/2018/10/logo-SPIRAX.png" />
<meta name="twitter:card" content="summary_large_image" />
<meta name="twitter:label1" content="Tempo estimado de leitura" />
	<meta name="twitter:data1" content="1 minuto" />
<script type="application/ld+json" class="yoast-schema-graph">{"@context":"https:\/\/schema.org","@graph":[{"@type":"WebPage","@id":"https:\/\/vaporparalaindustria.com\/pt-equipamentos-de-geradores-de-vapor\/","url":"https:\/\/vaporparalaindustria.com\/pt-equipamentos-de-geradores-de-vapor\/","name":"PT. Equipamentos de Geradores de Vapor - Vapor para la Industria","isPartOf":{"@id":"https:\/\/vaporparalaindustria.com\/#website"},"datePublished":"2020-01-30T11:46:50+00:00","dateModified":"2020-02-04T17:00:10+00:00","breadcrumb":{"@id":"https:\/\/vaporparalaindustria.com\/pt-equipamentos-de-geradores-de-vapor\/#breadcrumb"},"inLanguage":"pt-PT","potentialAction":[{"@type":"ReadAction","target":["https:\/\/vaporparalaindustria.com\/pt-equipamentos-de-geradores-de-vapor\/"]}]},{"@type":"BreadcrumbList","@id":"https:\/\/vaporparalaindustria.com\/pt-equipamentos-de-geradores-de-vapor\/#breadcrumb","itemListElement":[{"@type":"ListItem","position":1,"name":"Portada","item":"https:\/\/vaporparalaindustria.com\/"},{"@type":"ListItem","position":2,"name":"PT. Equipamentos de Geradores de Vapor"}]},{"@type":"WebSite","@id":"https:\/\/vaporparalaindustria.com\/#website","url":"https:\/\/vaporparalaindustria.com\/","name":"Vapor para la Industria","description":"Gestión Eficiente de los Sistemas de Vapor","publisher":{"@id":"https:\/\/vaporparalaindustria.com\/#organization"},"potentialAction":[{"@type":"SearchAction","target":{"@type":"EntryPoint","urlTemplate":"https:\/\/vaporparalaindustria.com\/?s={search_term_string}"},"query-input":{"@type":"PropertyValueSpecification","valueRequired":true,"valueName":"search_term_string"}}],"inLanguage":"pt-PT"},{"@type":"Organization","@id":"https:\/\/vaporparalaindustria.com\/#organization","name":"Vapor para la Industria","url":"https:\/\/vaporparalaindustria.com\/","logo":{"@type":"ImageObject","inLanguage":"pt-PT","@id":"https:\/\/vaporparalaindustria.com\/#\/schema\/logo\/image\/","url":"https:\/\/vaporparalaindustria.com\/wp-content\/uploads\/2017\/10\/LogoBlogBLANCO-FINAL_VAPOR-PARA-LA-INDUSTRIA-e1499957507814.png","contentUrl":"https:\/\/vaporparalaindustria.com\/wp-content\/uploads\/2017\/10\/LogoBlogBLANCO-FINAL_VAPOR-PARA-LA-INDUSTRIA-e1499957507814.png","width":300,"height":117,"caption":"Vapor para la Industria"},"image":{"@id":"https:\/\/vaporparalaindustria.com\/#\/schema\/logo\/image\/"}}]}</script>
<!-- / Yoast SEO plugin. -->

Equipamentos de Geradores de Vapor (CAL) Quem deve assistir? Operadores e Responsáveis de centrais térmicas com funções diretas relacionadas com geradores de Vapor Objectivo. Proporcionar conhecimento técnico avançado sobre o Vapor com enfase na sua produção.Explicar todo o processo de geração de Vapor incluindo o tratamento de água, os detalhes do circuito de Água e &hellip;

Vapor para a Indústria

Gestão Eficiente de Sistemas a Vapor
